, 16529
What are the prime factors of 78133?
11, 7103
What are the prime factors of 1174?
2, 587
What are the prime factors of 92862?
2, 3, 7, 11, 67
What are the prime factors of 66736?
2, 43, 97
What are the prime factors of 18034?
2, 71, 127
List the prime factors of 2959.
11, 269
List the prime factors of 864.
2, 3
What are the prime factors of 1943?
29, 67
List the prime factors of 318.
2, 3, 53
What are the prime factors of 90?
2, 3, 5
What are the prime factors of 10580?
2, 5, 23
List the prime factors of 10487.
10487
What are the prime factors of 35912?
2, 67
What are the prime factors of 2628?
2, 3, 73
What are the prime factors of 9572?
2, 2393
List the prime factors of 14544.
2, 3, 101
List the prime factors of 45922.
2, 22961
What are the prime factors of 2810?
2, 5, 281
List the prime factors of 65421.
3, 2423
What are the prime factors of 25217?
151, 167
List the prime factors of 19979.
19979
What are the prime factors of 1810?
2, 5, 181
List the prime factors of 2669.
17, 157
List the prime factors of 41.
41
List the prime factors of 1091.
1091
What are the prime factors of 7400?
2, 5, 37
List the prime factors of 4022.
2, 2011
What are the prime factors of 25718?
2, 7, 11, 167
What are the prime factors of 5315?
5, 1063
List the prime factors of 105743.
11, 9613
List the prime factors of 31418.
2, 23, 683
List the prime factors of 804.
2, 3, 67
List the prime factors of 8060.
2, 5, 13, 31
What are the prime factors of 26589?
3, 8863
List the prime factors of 5173.
7, 739
What are the prime factors of 38937?
3, 12979
What are the prime factors of 6225?
3, 5, 83
What are the prime factors of 76?
2, 19
What are the prime factors of 2447?
2447
List the prime factors of 66935.
5, 11, 1217
What are the prime factors of 5550?
2, 3, 5, 37
What are the prime factors of 12462?
2, 3, 31, 67
What are the prime factors of 1371?
3, 457
List the prime factors of 19614.
2, 3, 7, 467
What are the prime factors of 50214?
2, 3, 8369
List the prime factors of 3838.
2, 19, 101
What are the prime factors of 31079?
31079
What are the prime factors of 3618?
2, 3, 67
List the prime factors of 1024.
2
What are the prime factors of 248?
2, 31
What are the prime factors of 136?
2, 17
List the prime factors of 2938.
2, 13, 113
What are the prime factors of 177?
3, 59
What are the prime factors of 969?
3, 17, 19
What are the prime factors of 288?
2, 3
What are the prime factors of 12153?
3, 4051
What are the prime factors of 2872?
2, 359
List the prime factors of 25993.
11, 17, 139
List the prime factors of 1218.
2, 3, 7, 29
What are the prime factors of 1658?
2, 829
What are the prime factors of 624?
2, 3, 13
What are the prime factors of 7197?
3, 2399
List the prime factors of 6668.
2, 1667
What are the prime factors of 95157?
3, 97, 109
List the prime factors of 3802.
2, 1901
What are the prime factors of 5854?
2, 2927
List the prime factors of 4183.
47, 89
List the prime factors of 647.
647
What are the prime factors of 852?
2, 3, 71
List the prime factors of 113.
113
What are the prime factors of 496?
2, 31
List the prime factors of 6564.
2, 3, 547
List the prime factors of 127959.
3, 13, 17, 193
List the prime factors of 12317.
109, 113
What are the prime factors of 18445?
5, 7, 17, 31
List the prime factors of 832.
2, 13
List the prime factors of 2495.
5, 499
List the prime factors of 1112.
2, 139
What are the prime factors of 6119?
29, 211
List the prime factors of 6169.
31, 199
What are the prime factors of 2908?
2, 727
List the prime factors of 1987.
1987
What are the prime factors of 30747?
3, 37, 277
List the prime factors of 16733.
29, 577
What are the prime factors of 29?
29
What are the prime factors of 20600?
2, 5, 103
What are the prime factors of 693?
3, 7, 11
What are the prime factors of 4866?
2, 3, 811
What are the prime factors of 30865?
5, 6173
What are the prime factors of 45822?
2, 3, 7, 1091
List the prime factors of 9720.
2, 3, 5
What are the prime factors of 4987?
4987
What are the prime factors of 4267?
17, 251
List the prime factors of 71.
71
What are the prime factors of 15752?
2, 11, 179
List the prime factors of 19734.
2, 3, 11, 13, 23
List the prime factors of 1292.
2, 17, 19
List the prime factors of 944.
2, 59
What are the prime factors of 1343?
17, 79
List the prime factors of 3029.
13, 233
List the prime factors of 5352.
2, 3, 223
What are the prime factors of 853?
853
List the prime factors of 60740.
2, 5, 3037
List the prime factors of 12951.
3, 1439
What are the prime factors of 9873?
3, 1097
What are the prime factors of 24884?
2, 6221
What are the prime factors of 936?
2, 3, 13
What are the prime factors of 11739?
3, 7, 13, 43
List the prime factors of 7948.
2, 1987
List the prime factors of 5949.
3, 661
What are the prime factors of 36842?
2, 13, 109
What are the prime factors of 19712?
2, 7, 11
What are the prime factors of 2282?
2, 7, 163
List the prime factors of 34069.
7, 31, 157
List the prime factors of 2535.
3, 5, 13
List the prime factors of 19763.
19763
What are the prime factors of 4125?
3, 5, 11
What are the prime factors of 473?
11, 43
What are the prime factors of 804?
2, 3, 67
List the prime factors of 3675.
3, 5, 7
List the prime factors of 3822.
2, 3, 7, 13
List the prime factors of 2986.
2, 1493
List the prime factors of 1380.
2, 3, 5, 23
What are the prime factors of 2247?
3, 7, 107
What are the prime factors of 22350?
2, 3, 5, 149
List the prime factors of 5496.
2, 3, 229
What are the prime factors of 25645?
5, 23, 223
List the prime factors of 695.
5, 139
What are the prime factors of 1218?
2, 3, 7, 29
List the prime factors of 3361.
3361
List the prime factors of 19965.
3, 5, 11
What are the prime factors of 9104?
2, 569
List the prime factors of 126397.
126397
What are the prime factors of 906?
2, 3, 151
What are the prime factors of 27323?
89, 307
What are the prime factors of 14527?
73, 199
List the prime factors of 16578.
2, 3, 307
List the prime factors of 37507.
37507
List the prime factors of 15977.
13, 1229
List the prime factors of 592.
2, 37
List the prime factors of 2407.
29, 83
What are the prime factors of 220?
2, 5, 11
List the prime factors of 57932.
2, 7, 2069
List the prime factors of 136665.
3, 5, 3037
List the prime factors of 24081.
3, 23, 349
What are the prime factors of 329?
7, 47
What are the prime factors of 10036?
2, 13, 193
List the prime factors of 4282.
2, 2141
What are the prime factors of 2039?
2039
What are the prime factors of 755?
5, 151
List the prime factors of 4990.
2, 5, 499
What are the prime factors of 4122?
2, 3, 229
List the prime factors of 1367.
1367
List the prime factors of 341.
11, 31
List the prime factors of 14090.
2, 5, 1409
List the prime factors of 2978.
2, 1489
What are the prime factors of 38139?
3, 12713
List the prime factors of 42512.
2, 2657
What are the prime factors of 1674?
2, 3, 31
What are the prime factors of 5237?
5237
List the prime factors of 24089.
13, 17, 109
What are the prime factors of 31127?
17, 1831
What are the prime factors of 1375?
5, 11
What are the prime factors of 4152?
2, 3, 173
List the prime factors of 840.
2, 3, 5, 7
List the prime factors of 3530.
2, 5, 353
What are the prime factors of 13769?
7, 281
What are the prime factors of 12425?
5, 7, 71
List the prime factors of 1091.
1091
What are the prime factors of 21141?
3, 29
What are the prime factors of 156855?
3, 5, 10457
What are the prime factors of 14231?
7, 19, 107
What are the prime factors of 3048?
2, 3, 127
List the prime factors of 3251.
3251
What are the prime factors of 7269?
3, 2423
What are the prime factors of 2158?
2, 13, 83
What are the prime factors of 4168?
2, 521
List the prime factors of 7488.
2, 3, 13
What are the prime factors of 4625?
5, 37
What are the prime factors of 9117?
3, 1013
List the prime factors of 582.
2, 3, 97
List the prime factors of 1122.
2, 3, 11, 17
What are the prime factors of 1919?
19, 101
List the prime factors of 31268.
2, 7817
What are the prime factors of 36556?
2, 13, 19, 37
What are the prime factors of 2364?
2, 3, 197
What are the prime factors of 55702?
2, 27851
What are the prime factors of 33712?
2, 7, 43
What are the prime factors of 261?
3, 29
What are the prime factors of 8910?
2, 3, 5, 11
List the 